er?
False
Is 625678 prime?
False
Is 259397 prime?
True
Is 100774 prime?
False
Is 1175351 a prime number?
True
Is 17257 a prime number?
True
Is 6995 composite?
True
Is 3433 composite?
False
Is 170977 composite?
True
Is 2503 a composite number?
False
Is 494963 prime?
False
Is 368731 composite?
True
Is 2827 a composite number?
True
Is 604261 a composite number?
True
Is 21 a composite number?
True
Is 285823 a prime number?
True
Is 51781 prime?
False
Is 6179 composite?
True
Is 1861 prime?
True
Is 338669 composite?
False
Is 39779 prime?
True
Is 16087 composite?
False
Is 2310421 prime?
True
Is 7771 a prime number?
False
Is 4535 prime?
False
Is 25871 a composite number?
True
Is 233839 a composite number?
True
Is 1543 prime?
True
Is 18079 prime?
False
Is 37441 a composite number?
False
Is 186689 a composite number?
False
Is 26507 a composite number?
True
Is 793655 prime?
False
Is 88901 a prime number?
False
Is 3307 a prime number?
True
Is 14713 a composite number?
False
Is 247615 prime?
False
Is 55987 composite?
False
Is 30359 a composite number?
True
Is 1237895 a prime number?
False
Is 37615 a composite number?
True
Is 21401 composite?
False
Is 444559 a prime number?
False
Is 4547 composite?
False
Is 124681 a composite number?
True
Is 523297 prime?
True
Is 10531 prime?
True
Is 3949 prime?
False
Is 57527 composite?
False
Is 1016101 a composite number?
True
Is 3377 a prime number?
False
Is 1014113 a composite number?
False
Is 41315 a composite number?
True
Is 28169 a prime number?
False
Is 43469 prime?
False
Is 589933 a prime number?
True
Is 10783 composite?
True
Is 78493 a prime number?
False
Is 16489 a composite number?
True
Is 73159 a composite number?
True
Is 35605 a prime number?
False
Is 10239 a composite number?
True
Is 787385 composite?
True
Is 98251 a composite number?
False
Is 163 prime?
True
Is 218573 a prime number?
False
Is 84589 a prime number?
True
Is 11923 a composite number?
False
Is 137143 composite?
False
Is 71697 a prime number?
False
Is 29461 a prime number?
False
Is 943403 prime?
True
Is 20921 prime?
True
Is 15217 composite?
False
Is 21701 composite?
False
Is 4637 composite?
False
Is 3556645 a composite number?
True
Is 211903 a prime number?
False
Is 913 composite?
True
Is 120859 composite?
True
Is 5195 prime?
False
Is 669527 a composite number?
False
Is 342101 a prime number?
True
Is 1543 a prime number?
True
Is 2159 composite?
True
Is 51043 prime?
True
Is 935219 a composite number?
True
Is 1466 composite?
True
Is 46211 composite?
True
Is 773081 composite?
False
Is 124078 a prime number?
False
Is 415013 prime?
True
Is 1698679 a composite number?
False
Is 57427 prime?
True
Is 158909 prime?
True
Is 93655 a composite number?
True
Is 706699 a prime number?
False
Is 107021 composite?
False
Is 2897263 a prime number?
True
Is 301393 composite?
True
Is 39499 prime?
True
Is 69878 prime?
False
Is 243926 composite?
True
Is 157 a composite number?
False
Is 93371 a prime number?
True
Is 36601 a composite number?
True
Is 2021 prime?
False
Is 558039 prime?
False
Is 7769 composite?
True
Is 66841 a prime number?
True
Is 76079 prime?
True
Is 34171 prime?
True
Is 418445 a prime number?
False
Is 7039 a prime number?
True
Is 3269707 composite?
True
Is 46985 a composite number?
True
Is 750881 composite?
True
Is 69119 prime?
True
Is 6143 a prime number?
True
Is 1765121 composite?
False
Is 136769 composite?
False
Is 1865 a prime number?
False
Is 60209 a composite number?
False
Is 867254 composite?
True
Is 587779 composite?
True
Is 48613 composite?
True
Is 401 prime?
True
Is 26882 a composite number?
True
Is 350029 prime?
True
Is 276581 a composite number?
False
Is 131959 a prime number?
True
Is 873913 prime?
True
Is 1074991 prime?
True
Is 6541 a prime number?
False
Is 7067 a prime number?
False
Is 73141 prime?
True
Is 83 composite?
False
Is 6211 a composite number?
False
Is 1328077 a composite number?
False
Is 2403121 a composite number?
True
Is 38501 prime?
True
Is 80651 a prime number?
True
Is 134809 a composite number?
True
Is 18826 composite?
True
Is 6611 composite?
True
Is 9143 composite?
True
Is 464251 a prime number?
True
Is 1403023 a composite number?
True
Is 6101 composite?
False
Is 101807 prime?
True
Is 2333 composite?
False
Is 1591 a composite number?
True
Is 6995 composite?
True
Is 2579 prime?
True
Is 11989 prime?
False
Is 1759427 composite?
False
Is 152003 a composite number?
False
Is 1543 prime?
True
Is 786689 composite?
True
Is 80299 a composite number?
True
Is 133747 a prime number?
False
Is 12589 prime?
True
Is 25963 a prime number?
False
Is 378199 prime?
False
Is 2597453 prime?
True
Is 3122723 a composite number?
True
Is 46901 a prime number?
True
Is 3986 a prime number?
False
Is 28559 prime?
True
Is 81119 composite?
False
Is 1123 prime?
True
Is 1589241 prime?
False
Is 13441 a composite number?
False
Is 334601 a composite number?
True
Is 45887 composite?
False
Is 208006 composite?
True
Is 17551 composite?
False
Is 1431359 a composite number?
True
Is 41491 prime?
True
Is 3101 composite?
True
Is 100819 a prime number?
False
Is 3170487 prime?
False
Is 49618 a composite number?
True
Is 892427 a composite number?
True
Is 711973 prime?
True
Is 11257 composite?
False
Is 218737 composite?
False
Is 200971 composite?
False
Is 169887 composite?
True
Is 23207 a prime number?
False
Is 265547 a composite number?
False
Is 1045223 a composite number?
False
Is 101923 composite?
True
Is 7411 a prime number?
True
Is 186451 composite?
False
Is 36523 a composite number?
False
Is 6805 composite?
True
Is 8467 prime?
True
Is 65239 composite?
False
Is 278405 a composite number?
True
Is 127579 a composite number?
False
Is 1357561 a composite number?
False
Is 23849 a prime number?
False
Is 121031 prime?
False
Is 13979 a prime number?
False
Is 20017 prime?
False
Is 13385 prime?
False
Is 18479 prime?
False
Is 144799 a prime number?
False
Is 315985 composite?
True
Is 724939 a prime number?
True
Is 26927 a composite number?
False
Is 135767 prime?
False
Is 28531 composite?
True
Is 36502 composite?
True
Is 100199 composite?
True
Is 25013 prime?
True
Is 81593 prime?
False
Is 41329 prime?
False
Is 614343 composite?
True
Is 871957 prime?
True
Is 13241 a prime number?
True
Is 3673529 prime?
True
Is 1638011 prime?
True
Is 6797 composite?
True
Is 30577 a prime number?
True
Is 125863 a composite number?
False
Is 323641 composite?
False
Is 17239 a composite number?
False
Is 246497 composite?
False
Is 22229 a prime number?
True
Is 362413 a composite number?
True
Is 279511 a composite number?
False
Is 2819 a prime number?
True
Is 21439 a composite number?
True
Is 22901 a prime number?
True
Is 900511 a prime number?
True
Is 35674 prime?
False
Is 97103 a prime number?
True
Is 2333 prime?
True
Is 18079 a composite number?
True
Is 8221 a composite number?
False
Is 6469 a prime number?
True
Is 2159 composite?
True
Is 653806 prime?
False
Is 1781489 prime?
False
Is 82769 composite?
True
Is 3781 a composite number?
True
Is 641351 a composite number?
True
Is 4289 a composite number?
False
Is 1721 composite?
False
Is 303423 a composite number?
True
Is 76871 composite?
False
Is 14429 prime?
False
Is 127201 a prime number?
False
Is 38297 composite?
True
Is 50221 a prime number?
True
Is 283079 a composite number?
False
Is 29269 a prime number?
True
Is 40163 a composite number?
False
Is 74411 a prime number?
True
Is 366797 a composite number?
True
Is 1374787 a prime number?
True
Is 35797 a composite number?
False
Is 31313 a prime number?
False
Is 10687 a prime number?
True
Is 481501 a prime number?
True
Is 12451 composite?
False
Is 480647 a composite number?
False
Is 819179 a prime number?
False
Is 63914 prime?
False
Is 7297 a composite number?
False
Is 266471 a composite number?
True
Is 841541 a prime number?
True
Is 22163 a prime number?
False
Is 21467 prime?
True
Is 124877 prime?
False
Is 1252801 composite?
True
Is 122627 prime?
False
Is 102643 a composite number?
False
Is 601507 composite?
False
Is 8527 a composite number?
False
Is 2149 a prime number?
False
Is 415 a composite number?
True
Is 65177 a composite number?
True
Is 1643 prime?
False
Is 2053 composite?
False
Is 365087 a composite number?
True
Is 1307129 prime?
False
Is 17827 composite?
False
Is 33257 composite?
True
Is 3240